-0*n + 141. Let o = 132 - n. What is the units digit of o?
5
Let p(h) = -h + 14. Let a be p(13). Let r = a + 74. Let m = r + -27. What is the tens digit of m?
4
Suppose o + 30 + 7 = 0. Let p = o - -42. Suppose -2*b - 3*b + s = -122, -3*b = p*s - 90. What is the tens digit of b?
2
Let p = 1415 - 502. What is the units digit of p?
3
Suppose -r + o + 2637 = 2*r, -8*r + 7046 = 2*o. What is the tens digit of r?
8
What is the tens digit of 27/(-12)*3096/(-27)?
5
Let c(o) = -2*o**2 + 8*o + 2. Let u be c(4). Suppose 5*r - 475 = -l - 115, -144 = -2*r - u*l. What is the tens digit of r?
7
Let j = -23 + 22. What is the units digit of 5 + 3 - (j + 1)?
8
Let w(x) = -x**2 + 7*x + 11. Let p be w(8). Suppose 0 = -p*d + 2*d + 111. What is the units digit of d?
1
Let y = 387 - 144. Let v = 388 - y. What is the tens digit of v?
4
Let b(d) be the second derivative of d**5/120 + 3*d**4/4 - d**3/3 - 3*d. Let f(j) be the second derivative of b(j). What is the tens digit of f(7)?
2
What is the tens digit of 1 - -1 - 4858/(0 - 7)?
9
What is the units digit of (-14073)/((-3)/3 - (-1 - -3))?
1
Let m = 434 + -272. Let p = -39 + m. What is the tens digit of p?
2
Let h = 1 + -40. Let j = h - -54. What is the units digit of j?
5
Let k(a) = 6*a**2 - 15*a - 11. What is the tens digit of k(-10)?
3
Let v(z) = 4*z**2 - 12*z - 29. What is the hundreds digit of v(15)?
6
What is the tens digit of (10 + 1554/(-10))/(2/(-10))?
2
Let f = -270 - -268. Let o(b) = 26*b + 2. Let h be o(-2). What is the units digit of h/(-2) - (-6)/f?
2
Let p = -11 - -45. Suppose -2 - p = -3*k. What is the units digit of k?
2
Let r = -112 + 207. What is the units digit of r?
5
Let a be (-15)/9 + (-2)/(-3). Let z = a + 6. Suppose -4*q + m + 30 = 0, z*q - 18 = -2*m + 13. What is the units digit of q?
7
Let u(s) = -s - 12. Let a be u(-13). What is the units digit of (-2)/((-10)/6 + a)?
3
Let n = 6826 + -4057. What is the tens digit of n?
6
Let a(z) = z**3 + 6*z**2 + 5*z + 3. Let w be a(-4). Suppose -w = -2*i + 33. Suppose -f - f = -i. What is the units digit of f?
2
Let b(o) = -o - 28. Suppose n + 7 = -0*n - 3*g, -5*g + 62 = -4*n. Let t be b(n). What is the tens digit of (0 - t) + (-4 - -7)?
1
Suppose -375 = 14*s - 11*s. What is the tens digit of (4 + s/(-10))*(0 - -2)?
3
Suppose -5*q = -3*q - s - 3803, -q + 1924 = 4*s. What is the thousands digit of q?
1
Let j = 177 + -123. What is the tens digit of j?
5
Let q = -191 + 132. Let d = q + 122. What is the tens digit of d?
6
Let w(r) = r**3 + 3*r**2 - 6*r + 6. Let z be w(4). Let d = 165 - z. What is the units digit of d?
1
Suppose -45*p - 41951 = -58*p. What is the hundreds digit of p?
2
Let g(t) = t**3 + 35*t**2 + 46*t + 11. What is the hundreds digit of g(-33)?
6
Let g(j) = -j + 1. Let h be g(-2). Suppose 0*r - 3*r + 26 = 4*c, -c + 2*r = -1. What is the units digit of (h/c)/((-4)/(-140))?
1
Suppose 0 = 4*d - l + 8, 2*l + l = -2*d + 10. Let w(x) = 83*x**2 + 4*x + 5. What is the tens digit of w(d)?
8
Let i = 228 + -426. What is the tens digit of (i/(-8))/((-3)/(-8))?
6
Let x = 4646 + -2675. What is the thousands digit of x?
1
Let y(o) = -70*o - 100. What is the hundreds digit of y(-6)?
3
Let c be -15*((-4)/12)/1. Suppose -o + c*o - 152 = 0. Let g = o + 3. What is the tens digit of g?
4
Suppose 0 = 3*q - 0*q - 12. Suppose -1 = -5*l + q. Let p = 14 - l. What is the tens digit of p?
1
Suppose -503 = -u - 2*d - 2*d, -u + 495 = 2*d. What is the tens digit of u?
8
Suppose g + 2 = 7. Suppose 114 = 4*q - 0*l + 2*l, -51 = -q - g*l. What is the units digit of q?
6
Let d = -308 + 2047. What is the units digit of d?
9
Let t(o) be the third derivative of 37*o**4/24 + 4*o**3/3 - 29*o**2. What is the units digit of t(2)?
2
Let t be 1 + 9/(-3 - -6). Let c be 1*1/1 - 1. Suppose -3*x + 5*q = -2*x - 36, -x + t*q + 31 = c. What is the tens digit of x?
1
Let r be (-4)/1 + (-2 - -1) + 70. Let n = r - 45. What is the units digit of n?
0
Let n = -62 - -132. Suppose -3*d + n = -c, 0*c - 2*c - 44 = -2*d. Let j = d + 2. What is the tens digit of j?
2
Let c(f) = -f**2 - 15*f. Let p be 3 - (-1 - -1) - 15. Let y be c(p). Suppose 54 = 5*w - y. What is the units digit of w?
8
Suppose -c - d = -22, 2*c - 2*d - 2*d - 50 = 0. Let h = c - -78. What is the hundreds digit of h?
1
Suppose 3*m = 5*i + 279, 4*m - 2*i - 372 = i. Let r = 207 - m. What is the units digit of r?
4
Let g = 425 - -265. What is the units digit of g?
0
Suppose 3*c - 5*c = 0. Suppose c = -2*f + w + 12, 0 = -f - 3*w - w - 12. Suppose 37 = f*g + 1. What is the units digit of g?
9
Let x(s) = -672*s - 76. What is the hundreds digit of x(-5)?
2
Let s = 45 - 41. Suppose -5*q - s*t + 265 = 76, -72 = -2*q + 2*t. What is the tens digit of q?
3
Let k(x) = x**2 - 13*x - 12. Let f be k(12). Let a = -13 + 43. Let h = a + f. What is the units digit of h?
6
Suppose -2*y = -4*n + 5076, -4*y + 3*y + 2546 = 2*n. What is the hundreds digit of n?
2
Suppose 18 = 4*v + 6. Suppose -27 = -4*c + 3*c - 5*n, 0 = -3*n - v. Suppose -48 - c = -5*j. What is the units digit of j?
6
Let r = -1146 - -2037. What is the hundreds digit of r?
8
Suppose 0 = b + 2*c - 39, -61 = -3*b - 2*c + 48. What is the tens digit of (-8 + 1)*b/(-7)?
3
Let r be (0 + 1)/(-3 - 56/(-18)). Suppose -4*f = h - r*f - 85, 4*h - 5*f = 415. What is the hundreds digit of h?
1
Let z(s) = s**3 + 6*s**2 + 4*s - 2. Let x be z(-5). What is the hundreds digit of 4 + 3/9*x + 155?
1
Let o be 1/((-15)/(-12) - 1). Suppose o*z - 72 = z. What is the units digit of z?
4
Suppose 0 = -4*a + 3*a - 2. Let i be (-1 - 1) + (65 - a). What is the tens digit of 3*-4*i/(-39)?
2
Let t(h) = -h**3 + 2*h**2 - 2*h - 5. Let k(d) = -d**3 + d**2 - 2*d - 5. Let q(v) = -3*k(v) + 4*t(v). Let w be q(4). What is the units digit of (7 - w)*13/1?
2
Let s(y) = -56*y**3 - y**2 + 2*y + 2. Let m(j) = j**3 + 16*j**2 + 15*j - 1. Let c be m(-15). What is the tens digit of s(c)?
5
Let i be (0 - 548)/(58/(-29)). Suppose 284 + i = 2*x - 5*n, -1106 = -4*x + 5*n. What is the units digit of x?
4
Let s = 661 - 271. Suppose -135 - s = -5*f. What is the tens digit of f?
0
Suppose 4*w = 3*b - 12, 19 = 4*b + 3. Let l be w/(-2) + 3 + 16. Let t = l + -18. What is the units digit of t?
1
Let v be 1 - 5*(-2 + 3). Let z be 7/(-14) + (-2)/v. Suppose 2*r = -z*r + 6. What is the units digit of r?
3
Suppose 60 = 11*d - 8*d. Let t be 114/10 - 8/d. What is the units digit of 6/9*t*3?
2
Let f(a) = 10*a + 2. Let x be f(-6). Let d = x - -104. What is the tens digit of d?
4
Let w be (-40)/(-6)*(6 + (-105)/14). Suppose 0 = 5*q + v - 82, 3*v - 5*v + 4 = 0. What is the tens digit of q/(-12)*195/w?
2
Let l = 7 + -8. Let t(f) = -2*f + 2. Let o be t(l). Suppose -o*z = -3*z - 12. What is the units digit of z?
2
Suppose 37*k - 36554 = 21314. What is the hundreds digit of k?
5
Let t = 263 - 149. Suppose -5*m + 11*m - t = 0. What is the units digit of m?
9
Suppose 18 = 3*p - 3*g - 0, -3*p + 6 = 3*g. What is the tens digit of ((-110)/(-25) - p)*40?
1
Let a(q) = q + 4. Let c be a(5). Let t be 3/c*(-1 - -19). Suppose 7 = y - t. What is the tens digit of y?
1
Let v(c) = -c**3 + 20*c**2 - 6*c + 20. What is the tens digit of v(15)?
5
Suppose -5*t + 4*x = -0*x - 445, 0 = -5*t + 5*x + 450. Let l be (0 + 0)/(-2 + 0). Suppose -5*q + l*q = -t. What is the units digit of q?
7
Suppose 3*h + k = 78, 4*h - 3*k - 104 = -0*k. Suppose h - 64 = 2*g. Let y = 0 - g. What is the tens digit of y?
1
What is the tens digit of (-19)/(-95) + 698/10?
7
Suppose 0 = -3*j + 57 + 69. Suppose 2*n + 5*o = -j, -n - 2*o - 10 = -5*o. Let v = n + 39. What is the units digit of v?
3
Suppose 0 = -v + 28 - 8. Let j be (v/12)/(2/6). Suppose -2*w + 3*h = -64, -j*h - 41 - 15 = -2*w. What is the units digit of w?
8
Suppose 9*c - 3*h = 7131, 2*c = -2*c - 3*h + 3191. What is the units digit of c?
4
Let l = -3 - -5. Let f = l + -1. What is the units digit of 10/f - (3 + -6)?
3
Let r = -77 - -56. Let a(l) = -2*l**2 - 3*l - 2. Let g be a(-3). Let n = g - r. What is the units digit of n?
0
Let a(y) = -3*y. Let g be a(-1). Suppose -3*r + 2*j = 6*j - 6, 0 = -2*r + 3*j + 4. Suppose r*v = -g*z + 39, 4*v - 46 - 5 = 3*z. What is the tens digit of v?
1
Let a be (-36)/(-27)*(-2 + 5). Suppose -5*z - 3*n + 90 = -2*z, -125 = -a*z - 5*n. What is the tens digit of z?
2
Let b(h) = 0*h - 5*h + h**3 + 0*h**2 + 0*h - 4*h**2 + 4. Let 